 thousands digit of 417605?
7
What is the tens digit of 579793?
9
What is the units digit of 16328970?
0
What is the hundreds digit of 28361?
3
What is the hundred thousands digit of 1102488?
1
What is the ten thousands digit of 3018793?
1
What is the ten thousands digit of 3851589?
5
What is the thousands digit of 3571977?
1
What is the ten thousands digit of 181682?
8
What is the millions digit of 3169141?
3
What is the ten thousands digit of 1278945?
7
What is the units digit of 277411?
1
What is the tens digit of 7074828?
2
What is the hundred thousands digit of 347218?
3
What is the units digit of 79914?
4
What is the tens digit of 36428?
2
What is the tens digit of 3597753?
5
What is the ten thousands digit of 788328?
8
What is the units digit of 1633796?
6
What is the hundreds digit of 255390?
3
What is the ten thousands digit of 13529?
1
What is the ten thousands digit of 3965954?
6
What is the tens digit of 264161?
6
What is the thousands digit of 375136?
5
What is the ten thousands digit of 351563?
5
What is the tens digit of 112620?
2
What is the thousands digit of 4472?
4
What is the tens digit of 2614838?
3
What is the ten thousands digit of 2031870?
3
What is the thousands digit of 406605?
6
What is the hundreds digit of 10458193?
1
What is the units digit of 1446507?
7
What is the ten millions digit of 22826942?
2
What is the hundreds digit of 2733473?
4
What is the ten millions digit of 13880108?
1
What is the hundreds digit of 719805?
8
What is the thousands digit of 15197577?
7
What is the hundreds digit of 76290?
2
What is the units digit of 585054?
4
What is the millions digit of 1170000?
1
What is the hundred thousands digit of 3700764?
7
What is the units digit of 228956?
6
What is the hundred thousands digit of 548500?
5
What is the units digit of 1033745?
5
What is the thousands digit of 3115246?
5
What is the tens digit of 6248790?
9
What is the hundred thousands digit of 6310306?
3
What is the tens digit of 428892?
9
What is the ten thousands digit of 4231635?
3
What is the tens digit of 479816?
1
What is the units digit of 2514704?
4
What is the thousands digit of 4803245?
3
What is the tens digit of 1345416?
1
What is the hundred thousands digit of 934739?
9
What is the millions digit of 2435159?
2
What is the thousands digit of 345439?
5
What is the units digit of 2153028?
8
What is the units digit of 14425454?
4
What is the hundred thousands digit of 117524?
1
What is the units digit of 209826?
6
What is the hundred thousands digit of 363030?
3
What is the millions digit of 3880083?
3
What is the hundreds digit of 219765?
7
What is the hundreds digit of 2918469?
4
What is the thousands digit of 4549473?
9
What is the tens digit of 238777?
7
What is the ten thousands digit of 7905101?
0
What is the tens digit of 2108644?
4
What is the hundred thousands digit of 2807108?
8
What is the thousands digit of 3925623?
5
What is the millions digit of 16401764?
6
What is the units digit of 48291?
1
What is the hundred thousands digit of 330117?
3
What is the hundred thousands digit of 1275838?
2
What is the ten thousands digit of 134861?
3
What is the millions digit of 6172870?
6
What is the units digit of 307152?
2
What is the hundred thousands digit of 12131029?
1
What is the thousands digit of 5729027?
9
What is the tens digit of 2234078?
7
What is the units digit of 8912761?
1
What is the hundred thousands digit of 666467?
6
What is the thousands digit of 550753?
0
What is the hundred thousands digit of 399227?
3
What is the thousands digit of 160870?
0
What is the hundred thousands digit of 20654882?
6
What is the ten thousands digit of 196968?
9
What is the hundreds digit of 389477?
4
What is the millions digit of 2816941?
2
What is the thousands digit of 235732?
5
What is the tens digit of 4246351?
5
What is the ten thousands digit of 1083114?
8
What is the hundreds digit of 10692582?
5
What is the hundreds digit of 284434?
4
What is the tens digit of 3460835?
3
What is the hundreds digit of 8403033?
0
What is the thousands digit of 962666?
2
What is the thousands digit of 384887?
4
What is the tens digit of 65720?
2
What is the ten thousands digit of 9622991?
2
What is the hundreds digit of 12682194?
1
What is the units digit of 410203?
3
What is the hundred thousands digit of 121224?
1
What is the hundred thousands digit of 2039013?
0
What is the hundreds digit of 52026?
0
What is the tens digit of 31022?
2
What is the ten thousands digit of 1173955?
7
What is the millions digit of 10389580?
0
What is the ten thousands digit of 297162?
9
What is the tens digit of 26394923?
2
What is the millions digit of 3396019?
3
What is the tens digit of 1215079?
7
What is the tens digit of 604496?
9
What is the ten thousands digit of 6959048?
5
What is the hundreds digit of 2671924?
9
What is the hundreds digit of 6449393?
3
What is the ten thousands digit of 21160363?
6
What is the hundreds digit of 250688?
6
What is the hundred thousands digit of 934749?
9
What is the hundreds digit of 120379?
3
What is the thousands digit of 16152030?
2
What is the hundreds digit of 175219?
2
What is the ten thousands digit of 1305485?
0
What is the ten thousands digit of 294559?
9
What is the tens digit of 1863254?
5
What is the units digit of 2676455?
5
What is the tens digit of 102377?
7
What is the hundred thousands digit of 7996641?
9
What is the ten thousands digit of 188740?
8
What is the ten thousands digit of 25478090?
7
What is the thousands digit of 3468554?
8
What is the ten thousands digit of 12252869?
5
What is the hundreds digit of 215710?
7
What is the ten thousands digit of 222331?
2
What is the units digit of 123228?
8
What is the ten thousands digit of 850701?
5
What is the hundreds digit of 1752977?
9
What is the hundreds digit of 4297335?
3
What is the units digit of 1066498?
8
What is the units digit of 91019?
9
What is the ten thousands digit of 8840224?
4
What is the thousands digit of 98505?
8
What is the millions digit of 1182529?
1
What is the ten thousands digit of 1920841?
2
What is the units digit of 4887642?
2
What is the hundreds digit of 18033358?
3
What is the tens digit of 6422353?
5
What is the hundreds digit of 126829?
8
What is the ten thousands digit of 807424?
0
What is the units digit of 482521?
1
What is the thousands digit of 879743?
9
What is the hundreds digit of 1042101?
1
What is the ten thousands digit of 22482279?
8
What is the thousands digit of 4905619?
5
What is the ten thousands digit of 10886727?
8
What is the thousands digit of 7674766?
4
What is the hundred thousands digit of 30223859?
2
What is the thousands digit of 72032?
2
What is the ten thousands digit of 43435?
4
What is the thousands digit of 2655627?
5
What is the thousands digit of 3656400?
6
What is the units digit of 796380?
0
What is the tens digit of 15007767?
6
What is the tens digit of 3653371?
7
What is the units digit of 2297281?
1
What is the thousands digit of 84417?
4
What is the thousands digit of 11003970?
3
What is the hundreds digit of 23326540?
5
What is the hundreds digit of 214580?
5
What is the ten thousands digit of 397320?
9
What is the hundreds digit of 859836?
8
What is the units digit of 14324487?
7
What is the hundred thousands digit of 814500?
8
What is the hundred thousands digit of 3070245?
0
What is the units digit of 151933?
3
What is the hundreds digit of 520754?
7
What is the ten thousands digit of 2358065?
5
What is the hundreds digit of 1150503?
5
What is the millions digit of 1184687?
1
What is the tens digit of 1363441?
4
What is the units digit of 475379?
9
What is the tens digit of 2114805?
0
What is the units digit of 218376?
6
What is the thousands digit of 712651?
2
What is the hundred thousands digit of 131565?
1
What is the hundreds digit of 54103?
1
What is the hundreds digit of 2936930?
9
What is the millions digit of 2739847?
2
What is the thousands digit of 106905?
6
What is the tens digit of 528157?
5
What is the hundreds digit of 529746?
7
What is the ten thousands digit of 199189?
9
What is the millions digit of 17203914?
7
What is the units digit of 6678734?
4
What is the hundreds digit of 875294?
2
What is the thousands digit of 6357613?
7
What is the millions digit of 2